{"id":15549,"date":"2023-09-27T16:12:25","date_gmt":"2023-09-27T14:12:25","guid":{"rendered":"https:\/\/radiosummernight.ch\/veranstaltungen\/licht-aus-ton-an-2\/"},"modified":"2023-09-27T16:12:26","modified_gmt":"2023-09-27T14:12:26","slug":"licht-aus-ton-an-2","status":"publish","type":"mec-events","link":"https:\/\/radiosummernight.ch\/fr\/veranstaltungen\/licht-aus-ton-an-2\/","title":{"rendered":"Licht aus, Ton an!"},"content":{"rendered":"<p>Zum wiederholten Mal rocken Sch\u00fclerbands der Musik- und Bezirksschule Aarau die B\u00fchne. Gross und klein, fein und laut, Balladen und fetzige Rocksongs: Die Bands pr\u00e4sentieren ein abwechslungsreiches Programm.<\/p>\n<p><strong>Konzertbeginn: ab 14:00<\/strong><\/p>","protected":false},"excerpt":{"rendered":"<p>Zum wiederholten Mal rocken Sch\u00fclerbands der Musik- und Bezirksschule Aarau die B\u00fchne. Gross und klein, fein und laut, Balladen und fetzige Rocksongs: Die Bands pr\u00e4sentieren ein abwechslungsreiches Programm. Konzertbeginn: ab 14:00<\/p>","protected":false},"author":0,"featured_media":15550,"comment_status":"closed","ping_status":"closed","template":"","tags":[734,168,59,550],"mec_category":[56],"class_list":["post-15549","mec-events","type-mec-events","status-publish","has-post-thumbnail","hentry","tag-gratis","tag-konzert","tag-pop","tag-rock","mec_category-floesserplatz"],"_links":{"self":[{"href":"https:\/\/radiosummernight.ch\/fr\/wp-json\/wp\/v2\/mec-events\/15549","targetHints":{"allow":["GET"]}}],"collection":[{"href":"https:\/\/radiosummernight.ch\/fr\/wp-json\/wp\/v2\/mec-events"}],"about":[{"href":"https:\/\/radiosummernight.ch\/fr\/wp-json\/wp\/v2\/types\/mec-events"}],"replies":[{"embeddable":true,"href":"https:\/\/radiosummernight.ch\/fr\/wp-json\/wp\/v2\/comments?post=15549"}],"wp:featuredmedia":[{"embeddable":true,"href":"https:\/\/radiosummernight.ch\/fr\/wp-json\/wp\/v2\/media\/15550"}],"wp:attachment":[{"href":"https:\/\/radiosummernight.ch\/fr\/wp-json\/wp\/v2\/media?parent=15549"}],"wp:term":[{"taxonomy":"post_tag","embeddable":true,"href":"https:\/\/radiosummernight.ch\/fr\/wp-json\/wp\/v2\/tags?post=15549"},{"taxonomy":"mec_category","embeddable":true,"href":"https:\/\/radiosummernight.ch\/fr\/wp-json\/wp\/v2\/mec_category?post=15549"}],"curies":[{"name":"wp","href":"https:\/\/api.w.org\/{rel}","templated":true}]}}

<p>Zum wiederholten Mal rocken Schülerbands der Musik- und Bezirksschule Aarau die Bühne. Gross und klein, fein und laut, Balladen und fetzige Rocksongs: Die Bands präsentieren ein abwechslungsreiches Programm.</p>
<p><strong>Konzertbeginn: ab 14:00</strong></p>

<p>Zum wiederholten Mal rocken Schülerbands der Musik- und Bezirksschule Aarau die Bühne. Gross und klein, fein und laut, Balladen und fetzige Rocksongs: Die Bands präsentieren ein abwechslungsreiches Programm. Konzertbeginn: ab 14:00</p>
