{"id":24208,"date":"2025-06-18T22:43:10","date_gmt":"2025-06-18T20:43:10","guid":{"rendered":"https:\/\/radiosummernight.ch\/?post_type=mec-events&#038;p=24208"},"modified":"2025-06-18T22:43:10","modified_gmt":"2025-06-18T20:43:10","slug":"nimm-platz-aktion-rueti-zh-183","status":"publish","type":"mec-events","link":"https:\/\/radiosummernight.ch\/fr\/veranstaltungen\/nimm-platz-aktion-rueti-zh-183\/","title":{"rendered":"Nimm Platz Aktion R\u00fcti ZH"},"content":{"rendered":"<p>Das Z\u00fcrcher Jugendradio und die Jugendarbeit R\u00fcti ZH nehmen an der diesj\u00e4hrigen Nimm Platz-Aktion teil. Vor Ort gibt es einen Infostand sowie eine Live-Radiosendung direkt aus der Fussg\u00e4ngerzone.<span class=\"Apple-converted-space\">\u00a0<\/span><\/p>","protected":false},"excerpt":{"rendered":"<p>Das Z\u00fcrcher Jugendradio und die Jugendarbeit R\u00fcti ZH nehmen an der diesj\u00e4hrigen Nimm Platz-Aktion teil. Vor Ort gibt es einen Infostand sowie eine Live-Radiosendung direkt aus der Fussg\u00e4ngerzone.\u00a0<\/p>","protected":false},"author":1,"featured_media":0,"comment_status":"closed","ping_status":"closed","template":"","tags":[],"mec_category":[641,455,639],"class_list":["post-24208","mec-events","type-mec-events","status-publish","hentry","mec_category-jugendarbeit","mec_category-radio-summernight","mec_category-region-rueti-zh"],"_links":{"self":[{"href":"https:\/\/radiosummernight.ch\/fr\/wp-json\/wp\/v2\/mec-events\/24208","targetHints":{"allow":["GET"]}}],"collection":[{"href":"https:\/\/radiosummernight.ch\/fr\/wp-json\/wp\/v2\/mec-events"}],"about":[{"href":"https:\/\/radiosummernight.ch\/fr\/wp-json\/wp\/v2\/types\/mec-events"}],"author":[{"embeddable":true,"href":"https:\/\/radiosummernight.ch\/fr\/wp-json\/wp\/v2\/users\/1"}],"replies":[{"embeddable":true,"href":"https:\/\/radiosummernight.ch\/fr\/wp-json\/wp\/v2\/comments?post=24208"}],"wp:attachment":[{"href":"https:\/\/radiosummernight.ch\/fr\/wp-json\/wp\/v2\/media?parent=24208"}],"wp:term":[{"taxonomy":"post_tag","embeddable":true,"href":"https:\/\/radiosummernight.ch\/fr\/wp-json\/wp\/v2\/tags?post=24208"},{"taxonomy":"mec_category","embeddable":true,"href":"https:\/\/radiosummernight.ch\/fr\/wp-json\/wp\/v2\/mec_category?post=24208"}],"curies":[{"name":"wp","href":"https:\/\/api.w.org\/{rel}","templated":true}]}}

Nimm Platz Aktion Rüti ZH

<p>Das Zürcher Jugendradio und die Jugendarbeit Rüti ZH nehmen an der diesjährigen Nimm Platz-Aktion teil. Vor Ort gibt es einen Infostand sowie eine Live-Radiosendung direkt aus der Fussgängerzone.<span class="Apple-converted-space"> </span></p>

<p>Das Zürcher Jugendradio und die Jugendarbeit Rüti ZH nehmen an der diesjährigen Nimm Platz-Aktion teil. Vor Ort gibt es einen Infostand sowie eine Live-Radiosendung direkt aus der Fussgängerzone. </p>
