{"id":26821,"date":"2025-12-02T09:29:38","date_gmt":"2025-12-02T08:29:38","guid":{"rendered":"https:\/\/radiosummernight.ch\/?page_id=26821"},"modified":"2026-02-01T09:25:31","modified_gmt":"2026-02-01T08:25:31","slug":"summer-media-camp","status":"publish","type":"page","link":"https:\/\/radiosummernight.ch\/fr\/summer-media-camp\/","title":{"rendered":"Summer Media Camp"},"content":{"rendered":"<div id=\"content-5\" class=\"content-18 content-section content-section-spacing\" style=\"background-color: #ffffff;\" data-label=\"Content\" data-id=\"content--5\" data-export-id=\"content-18\" data-category=\"content\">\r\n<div class=\"gridContainer\">\r\n<div class=\"row middle-sm\">\r\n<div class=\"col-sm-6 flexbox around-xs top-xs space-bottom-xs space-top-xs\">\r\n<div class=\"overlay-box flexbox middle-xs center-xs overlay-holder\">\r\n<div class=\"overlay-box-offset offset-background shadow-medium bg-color2 hide-xs\"><\/div>\r\n<img decoding=\"async\" class=\"flexbox shadow-large img1\" title=\"Radiostudio, Kind Radiomachen, \" src=\"https:\/\/radiosummernight.ch\/upload\/cropped-IMG_1984-1-scaled-1.jpg\" alt=\"\" data-size=\"500x500\">\r\n\r\n<\/div>\r\n<\/div>\r\n<div class=\"col-sm-6\" data-type=\"column\">\r\n<h2 class=\"\">Was erwartet dich?<\/h2>\r\n<p class=\"\">Vom 10. bis 14. August, jeweils 9 bis 16 Uhr, findet unser kreatives Medien-Sommercamp statt. In dieser Woche tauchen Kinder und Jugendliche im Alter von 9 bis 18 Jahren in die vielseitige Welt der modernen Medien ein.<\/p>\r\n<p class=\"\">Gemeinsam produzieren die Teilnehmenden eigene Radiosendungen, Podcasts, News-Beitr\u00e4ge und Videos. Sie lernen, wie man spannende Geschichten findet, Interviews f\u00fchrt, Moderationen schreibt und mit Mikrofon, Kamera und Schnittprogrammen arbeitet. Unterst\u00fctzt werden sie dabei von jungen Medienschaffenden aus unserem Team, die ihre Erfahrung praxisnah weitergeben.<\/p>\r\n<p class=\"\">Im Camp entstehen echte Medienprojekte: Vom ersten Brainstorming \u00fcber Aufnahme und Schnitt bis hin zur Ver\u00f6ffentlichung. Am Ende der Woche pr\u00e4sentieren die Jugendlichen ihre Arbeiten in einer kleinen Abschluss-Show \u2013 f\u00fcr Eltern, Freunde und alle, die neugierig sind.<\/p>\r\n<p class=\"\">Das Sommercamp bietet viel Raum f\u00fcr Kreativit\u00e4t, Teamarbeit und neue Erfahrungen. Es eignet sich besonders f\u00fcr neugierige Kinder und Jugendliche, die Lust haben, selbst aktiv Inhalte zu gestalten und einen Blick hinter die Kulissen von Radio und digitalem Storytelling zu werfen.<\/p>\r\n\r\n<\/div>\r\n<\/div>\r\n<\/div>\r\n<\/div>\r\n<div id=\"content-6\" class=\"content-3 content-section content-section-spacing content-relative\" style=\"background-color: #ffffff; background-image: none;\" data-label=\"Content\" data-id=\"content--6\" data-export-id=\"content-3\" data-category=\"content\">\r\n<div>\r\n<div class=\"row middle-xs\">\r\n<div class=\"col-sm-7 full-col-left-padding full-col-right-padding\">\r\n<div class=\"row\">\r\n<div class=\"space-bottom-small content-title-col\" data-type=\"column\">\r\n<h2 class=\"\">Informationen zum Camp<\/h2>\r\n<\/div>\r\n<\/div>\r\n<div class=\"row spaced-cols\" data-type=\"row\">\r\n<div class=\"col-xs-6 col-md-12\" data-type=\"column\">\r\n<p class=\"\"><span style=\"font-weight: 900;\">\r\nF\u00fcr wen?<\/span>\r\nKinder und Jugendliche zwischen 10 und 18 Jahren mit oder ohne Radioerfahrung<\/p>\r\n\r\n<\/div>\r\n<div class=\"col-xs-6 col-md-12\" data-type=\"column\">\r\n<p class=\"\"><span style=\"font-weight: 900;\">\r\nWo?<\/span>\r\nFreizeitanlage W\u00e4denswil<\/p>\r\n\r\n<\/div>\r\n<div class=\"col-xs-6 col-md-12\" data-type=\"column\">\r\n<p class=\"\"><span style=\"font-weight: 900;\">\r\nPreis:<\/span>\r\nDie Teilnahme kostet CHF 249.\u2013 pro Kind f\u00fcr die gesamte Woche (inkl. Betreuung, Material und technischer Ausstattung).<\/p>\r\n<p class=\"\">F\u00fcr Personen mit KulturLegi 49.- (Gutscheincode kulturlegi)<\/p>\r\n\r\n<\/div>\r\n<div class=\"col-xs-6 col-md-12\" data-type=\"column\">\r\n<p class=\"\"><b>Wann?<\/b><\/p>\r\n<p class=\"\">Vom 10. bis 14. August, jeweils 9 bis 16 Uhr, findet unser kreatives Medien-Sommercamp statt.<\/p>\r\n\r\n<\/div>\r\n<\/div>\r\n<\/div>\r\n<div class=\"col-sm-5 bg-image shadow-large-black revert-classes-holder\" style=\"background-image: url('https:\/\/radiosummernight.ch\/upload\/IMG_2019-scaled.jpg');\" data-bg=\"image\"><\/div>\r\n<\/div>\r\n<\/div>\r\n<div class=\"section-separator-bottom\"><\/div>\r\n<\/div>\r\n<div id=\"cta-1\" class=\"cta-blue-section content-section content-section-spacing-medium bg-color1 white-text content-relative\" data-label=\"Cta\" data-id=\"cta--1\" data-export-id=\"cta-blue-section\" data-category=\"cta\">\r\n<div class=\"gridContainer\">\r\n<div class=\"row middle-xs\">\r\n<div class=\"col-sm-8 space-bottom-xs\" data-type=\"column\">\r\n<h2 class=\"\">Sei mit dabei! <span class=\"font-300\">Beim Summer Camp 2026<\/span><\/h2>\r\n<\/div>\r\n<div class=\"col-sm-4 end-sm\" data-type=\"column\"><a class=\"button color-white\" href=\"#anmelden\" target=\"_self\" rel=\"noopener\" data-cp-link=\"1\" data-icon=\"\">Jetzt anmelden<\/a><\/div>\r\n<\/div>\r\n<\/div>\r\n<\/div>\r\n<div id=\"anmelden\" class=\"cta-centered-bg-section content-section content-section-spacing-medium white-text\" style=\"background-color: #f5fafd; background-image: url('https:\/\/radiosummernight.ch\/upload\/2023\/01\/cropped-F7465979-BBA9-42B2-B5D4-3E7A1998D6FD.jpeg'); background-size: cover; background-position: center top;\" data-label=\"anmelden\" data-id=\"cta--2\" data-export-id=\"cta-centered-bg-section\" data-category=\"cta\" data-section-ov=\"1\" data-parallax-depth=\"20\">\r\n<div class=\"gridContainer\">\r\n<div class=\"row text-center\">\r\n<div class=\"\" data-type=\"column\">\r\n<h2 class=\"\"><\/h2>\r\n<div class=\"\" data-editable=\"true\" data-name=\"ope-widgets-area\" data-content-shortcode=\"mesmerize_display_widgets_area id=&quot;mesmerize_users_custom_widgets_areas_11&quot; \"><div data-name=\"mesmerize-widgets-area\"><div id=\"block-233\" class=\"widget widget_block\"><iframe loading=\"lazy\" src=\"https:\/\/rsn.zahls.ch\/pay?tid=9599a6ad&appview=1&breakIframe=1\" allow=\"payment *\" width=\"100%\" height=\"1600\" style=\"border:0;\" id=\"zahls-embed\"><\/iframe><\/div><\/div><\/div>\r\n<\/div>\r\n<\/div>\r\n<\/div>\r\n<\/div>\r\n<div id=\"overlappable-1\" class=\"overlappable-1 content-section content-section-spacing\" style=\"background-color: #ffffff;\" data-label=\"Overlappable\" data-id=\"overlappable--1\" data-export-id=\"overlappable-1\" data-category=\"overlappable\" data-overlap=\"true\">\r\n<div class=\"gridContainer\">\r\n<div class=\"row shadow-medium\" data-type=\"row\">\r\n<div class=\"col-xs-12 col-sm-4 flexcol bg-color-white col-padding col-padding-small-xs col-md-6\" data-type=\"column\">\r\n<h5 class=\"\">Summer Camp<\/h5>\r\n<div class=\"\" data-editable=\"true\" data-name=\"ope-widgets-area\" data-content-shortcode=\"mesmerize_display_widgets_area id=&quot;mesmerize_users_custom_widgets_areas_1&quot; \"><\/div>\r\n<p class=\"\">Freizeitanlage W\u00e4denswil<\/p>\r\n<p class=\"\">Tobelrainstrasse 25,<\/p>\r\n<p class=\"\">8820 W\u00e4denswil,<\/p>\r\n\r\n<\/div>\r\n<div class=\"col-xs-12 col-sm-4 flexcol bg-color2 col-padding col-padding-small-xs inverted col-md-6\" data-type=\"column\">\r\n<div style=\"width: 100%;\"><iframe width=\"100%\" height=\"200\" loading=\"lazy\" frameborder=\"0\" scrolling=\"no\" marginheight=\"0\" marginwidth=\"0\" src=\"https:\/\/maps.google.com\/maps?width=100%25&amp;height=600&amp;hl=en&amp;q=Tobelrainstrasse%2025,%20%208820%20W%C3%A4denswil,%20Schweiz+(Freizeitanlage%20W%C3%A4denswil)&amp;t=&amp;z=14&amp;ie=UTF8&amp;iwloc=B&amp;output=embed\"><\/iframe><\/div>\r\n<\/div>\r\n<\/div>\r\n<\/div>\r\n<\/div>","protected":false},"excerpt":{"rendered":"<p>Was erwartet dich? Vom 10. bis 14. August, jeweils 9 bis 16 Uhr, findet unser kreatives Medien-Sommercamp statt. In dieser Woche tauchen Kinder und Jugendliche im Alter von 9 bis 18 Jahren in die vielseitige Welt der modernen Medien ein. Gemeinsam produzieren die Teilnehmenden eigene Radiosendungen, Podcasts, News-Beitr\u00e4ge und Videos. Sie lernen, wie man spannende&hellip; <br \/> <a class=\"read-more\" href=\"https:\/\/radiosummernight.ch\/fr\/summer-media-camp\/\">Read more<\/a><\/p>","protected":false},"author":1,"featured_media":19743,"parent":0,"menu_order":0,"comment_status":"closed","ping_status":"closed","template":"pro\/page-templates\/full-width-page.php","meta":{"episode_type":"","audio_file":"","podmotor_file_id":"","podmotor_episode_id":"","cover_image":"","cover_image_id":"","duration":"","filesize":"","filesize_raw":"","date_recorded":"","explicit":"","block":"","itunes_episode_number":"","itunes_title":"","itunes_season_number":"","itunes_episode_type":"","footnotes":""},"class_list":["post-26821","page","type-page","status-publish","has-post-thumbnail","hentry"],"_links":{"self":[{"href":"https:\/\/radiosummernight.ch\/fr\/wp-json\/wp\/v2\/pages\/26821","targetHints":{"allow":["GET"]}}],"collection":[{"href":"https:\/\/radiosummernight.ch\/fr\/wp-json\/wp\/v2\/pages"}],"about":[{"href":"https:\/\/radiosummernight.ch\/fr\/wp-json\/wp\/v2\/types\/page"}],"author":[{"embeddable":true,"href":"https:\/\/radiosummernight.ch\/fr\/wp-json\/wp\/v2\/users\/1"}],"replies":[{"embeddable":true,"href":"https:\/\/radiosummernight.ch\/fr\/wp-json\/wp\/v2\/comments?post=26821"}],"version-history":[{"count":8,"href":"https:\/\/radiosummernight.ch\/fr\/wp-json\/wp\/v2\/pages\/26821\/revisions"}],"predecessor-version":[{"id":27242,"href":"https:\/\/radiosummernight.ch\/fr\/wp-json\/wp\/v2\/pages\/26821\/revisions\/27242"}],"wp:featuredmedia":[{"embeddable":true,"href":"https:\/\/radiosummernight.ch\/fr\/wp-json\/wp\/v2\/media\/19743"}],"wp:attachment":[{"href":"https:\/\/radiosummernight.ch\/fr\/wp-json\/wp\/v2\/media?parent=26821"}],"curies":[{"name":"wp","href":"https:\/\/api.w.org\/{rel}","templated":true}]}}

<div id="content-5" class="content-18 content-section content-section-spacing" style="background-color: #ffffff;" data-label="Content" data-id="content--5" data-export-id="content-18" data-category="content">
<div class="gridContainer">
<div class="row middle-sm">
<div class="col-sm-6 flexbox around-xs top-xs space-bottom-xs space-top-xs">
<div class="overlay-box flexbox middle-xs center-xs overlay-holder">
<div class="overlay-box-offset offset-background shadow-medium bg-color2 hide-xs"></div>
<img decoding="async" class="flexbox shadow-large img1" title="Radiostudio, Kind Radiomachen, " src="https://radiosummernight.ch/upload/cropped-IMG_1984-1-scaled-1.jpg" alt="" data-size="500x500">

</div>
</div>
<div class="col-sm-6" data-type="column">
<h2 class="">Was erwartet dich?</h2>
<p class="">Vom 10. bis 14. August, jeweils 9 bis 16 Uhr, findet unser kreatives Medien-Sommercamp statt. In dieser Woche tauchen Kinder und Jugendliche im Alter von 9 bis 18 Jahren in die vielseitige Welt der modernen Medien ein.</p>
<p class="">Gemeinsam produzieren die Teilnehmenden eigene Radiosendungen, Podcasts, News-Beiträge und Videos. Sie lernen, wie man spannende Geschichten findet, Interviews führt, Moderationen schreibt und mit Mikrofon, Kamera und Schnittprogrammen arbeitet. Unterstützt werden sie dabei von jungen Medienschaffenden aus unserem Team, die ihre Erfahrung praxisnah weitergeben.</p>
<p class="">Im Camp entstehen echte Medienprojekte: Vom ersten Brainstorming über Aufnahme und Schnitt bis hin zur Veröffentlichung. Am Ende der Woche präsentieren die Jugendlichen ihre Arbeiten in einer kleinen Abschluss-Show – für Eltern, Freunde und alle, die neugierig sind.</p>
<p class="">Das Sommercamp bietet viel Raum für Kreativität, Teamarbeit und neue Erfahrungen. Es eignet sich besonders für neugierige Kinder und Jugendliche, die Lust haben, selbst aktiv Inhalte zu gestalten und einen Blick hinter die Kulissen von Radio und digitalem Storytelling zu werfen.</p>

</div>
</div>
</div>
</div>
<div id="content-6" class="content-3 content-section content-section-spacing content-relative" style="background-color: #ffffff; background-image: none;" data-label="Content" data-id="content--6" data-export-id="content-3" data-category="content">
<div>
<div class="row middle-xs">
<div class="col-sm-7 full-col-left-padding full-col-right-padding">
<div class="row">
<div class="space-bottom-small content-title-col" data-type="column">
<h2 class="">Informationen zum Camp</h2>
</div>
</div>
<div class="row spaced-cols" data-type="row">
<div class="col-xs-6 col-md-12" data-type="column">
<p class=""><span style="font-weight: 900;">
Für wen?</span>
Kinder und Jugendliche zwischen 10 und 18 Jahren mit oder ohne Radioerfahrung</p>

</div>
<div class="col-xs-6 col-md-12" data-type="column">
<p class=""><span style="font-weight: 900;">
Wo?</span>
Freizeitanlage Wädenswil</p>

</div>
<div class="col-xs-6 col-md-12" data-type="column">
<p class=""><span style="font-weight: 900;">
Preis:</span>
Die Teilnahme kostet CHF 249.– pro Kind für die gesamte Woche (inkl. Betreuung, Material und technischer Ausstattung).</p>
<p class="">Für Personen mit KulturLegi 49.- (Gutscheincode kulturlegi)</p>

</div>
<div class="col-xs-6 col-md-12" data-type="column">
<p class=""><b>Wann?</b></p>
<p class="">Vom 10. bis 14. August, jeweils 9 bis 16 Uhr, findet unser kreatives Medien-Sommercamp statt.</p>

</div>
</div>
</div>
<div class="col-sm-5 bg-image shadow-large-black revert-classes-holder" style="background-image: url('https://radiosummernight.ch/upload/IMG_2019-scaled.jpg');" data-bg="image"></div>
</div>
</div>
<div class="section-separator-bottom"></div>
</div>
<div id="cta-1" class="cta-blue-section content-section content-section-spacing-medium bg-color1 white-text content-relative" data-label="Cta" data-id="cta--1" data-export-id="cta-blue-section" data-category="cta">
<div class="gridContainer">
<div class="row middle-xs">
<div class="col-sm-8 space-bottom-xs" data-type="column">
<h2 class="">Sei mit dabei! <span class="font-300">Beim Summer Camp 2026</span></h2>
</div>
<div class="col-sm-4 end-sm" data-type="column"><a class="button color-white" href="#anmelden" target="_self" rel="noopener" data-cp-link="1" data-icon="">Jetzt anmelden</a></div>
</div>
</div>
</div>
<div id="anmelden" class="cta-centered-bg-section content-section content-section-spacing-medium white-text" style="background-color: #f5fafd; background-image: url('https://radiosummernight.ch/upload/2023/01/cropped-F7465979-BBA9-42B2-B5D4-3E7A1998D6FD.jpeg'); background-size: cover; background-position: center top;" data-label="anmelden" data-id="cta--2" data-export-id="cta-centered-bg-section" data-category="cta" data-section-ov="1" data-parallax-depth="20">
<div class="gridContainer">
<div class="row text-center">
<div class="" data-type="column">
<h2 class=""></h2>
<div class="" data-editable="true" data-name="ope-widgets-area" data-content-shortcode="mesmerize_display_widgets_area id=&quot;mesmerize_users_custom_widgets_areas_11&quot; "><div data-name="mesmerize-widgets-area"><div id="block-233" class="widget widget_block"><iframe loading="lazy" src="https://rsn.zahls.ch/pay?tid=9599a6ad&appview=1&breakIframe=1" allow="payment *" width="100%" height="1600" style="border:0;" id="zahls-embed"></iframe></div></div></div>
</div>
</div>
</div>
</div>
<div id="overlappable-1" class="overlappable-1 content-section content-section-spacing" style="background-color: #ffffff;" data-label="Overlappable" data-id="overlappable--1" data-export-id="overlappable-1" data-category="overlappable" data-overlap="true">
<div class="gridContainer">
<div class="row shadow-medium" data-type="row">
<div class="col-xs-12 col-sm-4 flexcol bg-color-white col-padding col-padding-small-xs col-md-6" data-type="column">
<h5 class="">Summer Camp</h5>
<div class="" data-editable="true" data-name="ope-widgets-area" data-content-shortcode="mesmerize_display_widgets_area id=&quot;mesmerize_users_custom_widgets_areas_1&quot; "></div>
<p class="">Freizeitanlage Wädenswil</p>
<p class="">Tobelrainstrasse 25,</p>
<p class="">8820 Wädenswil,</p>

</div>
<div class="col-xs-12 col-sm-4 flexcol bg-color2 col-padding col-padding-small-xs inverted col-md-6" data-type="column">
<div style="width: 100%;"><iframe width="100%" height="200" loading="lazy" frameborder="0" scrolling="no" marginheight="0" marginwidth="0" src="https://maps.google.com/maps?width=100%25&amp;height=600&amp;hl=en&amp;q=Tobelrainstrasse%2025,%20%208820%20W%C3%A4denswil,%20Schweiz+(Freizeitanlage%20W%C3%A4denswil)&amp;t=&amp;z=14&amp;ie=UTF8&amp;iwloc=B&amp;output=embed"></iframe></div>
</div>
</div>
</div>
</div>

<p>Was erwartet dich? Vom 10. bis 14. August, jeweils 9 bis 16 Uhr, findet unser kreatives Medien-Sommercamp statt. In dieser Woche tauchen Kinder und Jugendliche im Alter von 9 bis 18 Jahren in die vielseitige Welt der modernen Medien ein. Gemeinsam produzieren die Teilnehmenden eigene Radiosendungen, Podcasts, News-Beiträge und Videos. Sie lernen, wie man spannende&hellip; <br /> <a class="read-more" href="https://radiosummernight.ch/fr/summer-media-camp/">Read more</a></p>
